{"id":229,"date":"2015-07-27T03:29:01","date_gmt":"2015-07-27T03:29:01","guid":{"rendered":"http:\/\/demo.vegatheme.com\/archilight\/?page_id=229"},"modified":"2024-04-17T11:07:16","modified_gmt":"2024-04-17T11:07:16","slug":"about-2","status":"publish","type":"page","link":"https:\/\/luatsu-ssac.group\/?page_id=229","title":{"rendered":"Gi\u1edbi thi\u1ec7u"},"content":{"rendered":"<p>[vc_row fullwidth=&#8221;yes&#8221; css=&#8221;.vc_custom_1474447018555{background-position: 0 0 !important;background-repeat: no-repeat !important;}&#8221; el_class=&#8221;side-bg no-padding&#8221;][vc_column]\t<!-- Element: OT Quick Office -->\n\t<div class=\"side-bg\">\n\n\t\t<div class=\"image-container hidden-xs pull-left col-md-4\" style=\"background-image:url(https:\/\/luatsu-ssac.group\/wp-content\/uploads\/2024\/04\/2.jpg); ?>\" data-delay=\"0\"><\/div>\n\n\t\t<!-- Added this code in 26\/03\/2019 -->\n\t\t<img decoding=\"async\" class=\"visible-xs img-responsive\" src=\"https:\/\/luatsu-ssac.group\/wp-content\/uploads\/2024\/04\/2.jpg\" \/>\n\n        <div class=\"container\">\n            <div class=\"row\">\n                <div class=\"inner-padding\">\n                    <div class=\"col-md-8 col-md-offset-4 wow fadeInRight\" data-wow-delay=\".2s\">\n                        <h2>SSAC - YOUR LEGAL SOLUTION<\/h2><br\/>\n                        <strong class=\"intro\">C\u00f4ng ty Lu\u1eadt TNHH Nam Thi\u00ean (SouthernSky Associates \u2013 SSAC) \u0111\u01b0\u1ee3c th\u00e0nh l\u1eadp b\u1edfi \u0111\u1ed9i ng\u0169 c\u00e1c Chuy\u00ean gia, Lu\u1eadt s\u01b0 gi\u00e0u kinh nghi\u1ec7m v\u00e0 am hi\u1ec3u th\u1ecb tr\u01b0\u1eddng c\u0169ng nh\u01b0 ph\u00e1p lu\u1eadt Vi\u1ec7t Nam v\u00e0 n\u01b0\u1edbc ngo\u00e0i. Chuy\u00ean gia, Lu\u1eadt s\u01b0 c\u1ee7a SSAC \u0111\u00e3 tham gia t\u01b0 v\u1ea5n h\u00e0ng lo\u1ea1t giao d\u1ecbch, \u0111\u1ea1i di\u1ec7n cho nhi\u1ec1u v\u1ee5 ki\u1ec7n v\u00e0 t\u01b0 v\u1ea5n gi\u1ea3i quy\u1ebft th\u00e0nh c\u00f4ng nhi\u1ec1u tranh ch\u1ea5p c\u00f3 t\u00ednh ph\u1ee9c t\u1ea1p cao ho\u1eb7c \u0111\u00f2i h\u1ecfi c\u00e1c y\u1ebfu t\u1ed1 can thi\u1ec7p nhi\u1ec1u t\u1eeb ph\u00eda c\u01a1 quan ch\u1ee9c n\u0103ng Nh\u00e0 n\u01b0\u1edbc..<\/strong><\/p>\n<ul>\n<li>T\u1ea5t c\u1ea3 c\u00e1c nh\u00e2n s\u1ef1 c\u1ee7a SSAC \u0111\u1ec1u \u0111\u01b0\u1ee3c \u0111\u00e0o t\u1ea1o ch\u00ednh quy, t\u1ed1t nghi\u1ec7p t\u1eeb c\u00e1c tr\u01b0\u1eddng \u0110\u1ea1i h\u1ecdc, H\u1ecdc vi\u1ec7n danh ti\u1ebfng trong v\u00e0 ngo\u00e0i n\u01b0\u1edbc.<\/li>\n<li>K\u1ef9 n\u0103ng ngh\u1ec1 nghi\u1ec7p chuy\u00ean s\u00e2u trong t\u1ea5t c\u1ea3 c\u1ea3 l\u0129nh v\u1ef1c ph\u00e1p l\u00fd bao g\u1ed3m t\u01b0 v\u1ea5n v\u00e0 tranh t\u1ee5ng ch\u00ednh l\u00e0 y\u1ebfu t\u1ed1 t\u1ea1o n\u00ean s\u1ef1 kh\u00e1c bi\u1ec7t c\u1ee7a SSAC<\/li>\n<li>SSAC \u0111\u00e3 t\u1eebng t\u01b0 v\u1ea5n cho c\u01a1 quan c\u1ee7a Ch\u00ednh ph\u1ee7 Vi\u1ec7t Nam, c\u00e1c t\u1ed5 ch\u1ee9c qu\u1ed1c t\u1ebf \u0111\u1ec3 \u0111\u01b0a ra c\u00e1c gi\u1ea3i ph\u00e1p ph\u00e1p l\u00fd k\u1ecbp th\u1eddi v\u00e0 thu\u1eadn l\u1ee3i xem nh\u01b0 m\u1ed9t s\u1ef1 n\u1ed7 l\u1ef1c kh\u00f4ng ng\u1eebng trong vi\u1ec7c \u0111\u1ed3ng h\u00e0nh c\u00f9ng kh\u00e1ch h\u00e0ng v\u01b0\u1ee3t qua m\u1ecdi kh\u00f3 kh\u0103n v\u1ec1 ph\u00e1p l\u00fd.<\/li>\n<\/ul>\n<p>                    <\/div>\n                    <div class=\"clearfix\"><\/div>\n                <\/div>\n            <\/div>\n        <\/div>\n\t<\/div>\n\n[\/vc_column][\/vc_row]<\/p>\n","protected":false},"excerpt":{"rendered":"<p>[vc_row fullwidth=&#8221;yes&#8221; css=&#8221;.vc_custom_1474447018555{background-position: 0 0 !important;background-repeat: no-repeat !important;}&#8221; el_class=&#8221;side-bg no-padding&#8221;][vc_column][\/vc_column][\/vc_row]<\/p>\n","protected":false},"author":2,"featured_media":0,"parent":0,"menu_order":0,"comment_status":"open","ping_status":"closed","template":"page-templates\/template-fullwidth.php","meta":{"footnotes":""},"class_list":["post-229","page","type-page","status-publish","hentry"],"_links":{"self":[{"href":"https:\/\/luatsu-ssac.group\/index.php?rest_route=\/wp\/v2\/pages\/229","targetHints":{"allow":["GET"]}}],"collection":[{"href":"https:\/\/luatsu-ssac.group\/index.php?rest_route=\/wp\/v2\/pages"}],"about":[{"href":"https:\/\/luatsu-ssac.group\/index.php?rest_route=\/wp\/v2\/types\/page"}],"author":[{"embeddable":true,"href":"https:\/\/luatsu-ssac.group\/index.php?rest_route=\/wp\/v2\/users\/2"}],"replies":[{"embeddable":true,"href":"https:\/\/luatsu-ssac.group\/index.php?rest_route=%2Fwp%2Fv2%2Fcomments&post=229"}],"version-history":[{"count":13,"href":"https:\/\/luatsu-ssac.group\/index.php?rest_route=\/wp\/v2\/pages\/229\/revisions"}],"predecessor-version":[{"id":1884,"href":"https:\/\/luatsu-ssac.group\/index.php?rest_route=\/wp\/v2\/pages\/229\/revisions\/1884"}],"wp:attachment":[{"href":"https:\/\/luatsu-ssac.group\/index.php?rest_route=%2Fwp%2Fv2%2Fmedia&parent=229"}],"curies":[{"name":"wp","href":"https:\/\/api.w.org\/{rel}","templated":true}]}}